).
-1
Let g(j) = -2*j - 63. Let s be 29/(3393/18) + 654/(-26). Determine g(s).
-13
Let w(z) = z**3 - 11*z**2 - 2*z + 2. Suppose -117*n + 18 = -123*n. Let y(g) = -g**3 + 9*g**2 + 2*g - 1. Let q(x) = n*w(x) - 4*y(x). Give q(5).
38
Let f(d) = -1. Let w(t) = 7*t + 2. Let s(h) = 6*f(h) + w(h). Let n = 2938 + -2935. Give s(n).
17
Let l(u) = u**3 - 4*u - 2. Suppose -17 + 398 = 127*x. Give l(x).
13
Suppose 1275 = -249*h - 6*h. Let j(f) = -3 - 2 + 2*f**2 - f**2 + 5*f. What is j(h)?
-5
Let x(q) = 5*q**3 - 20*q**2 - 19*q + 57. Let h(l) = -8*l**3 + 18*l**2 + 18*l - 58. Let v(g) = 2*h(g) + 3*x(g). Calculate v(-23).
9
Let i(b) be the first derivative of -3*b**2/2 + 12*b + 1203. Give i(8).
-12
Let n(s) be the third derivative of -s**5/60 + 13*s**4/24 + 11*s**3/3 + 1928*s**2. What is n(10)?
52
Suppose 1944 = 35*u - 1591. Suppose 32*q - 59 = u. Let r(v) be the first derivative of v**3/3 - 3*v**2 - 3*v + 3. Determine r(q).
-8
Let i(c) = -4*c**3 + 38*c**2 + 15*c - 10. Let p(u) = -3*u**3 + 26*u**2 + 10*u - 7. Let g(b) = 5*i(b) - 7*p(b). Let k = 1048 + -1055. Determine g(k).
13
Let z = 5134 + -5135. Let i(t) = 20*t + 5. What is i(z)?
-15
Let o be (-2)/11 + 13432/3212. Let r(j) be the third derivative of 0*j + 0 - 10*j**2 + 1/6*j**o - 1/2*j**3. What is r(4)?
13
Suppose -24*l = -21*l - 21. Suppose -2*x + 6 = 2*k - l*k, -3*k + 6 = 2*x. Let z(t) be the second derivative of -2*t**3/3 - t**2 - t - 24. Give z(x).
-14
Let n(l) = 93*l + 552. Suppose 7*h = 4*d - 18, 3*h - 6*d + 36 = -9*d. Give n(h).
-6
Let s(u) = -2*u + 1. Let i(a) be the second derivative of a**3/6 + a**2 - 24*a + 3. Let b(m) = i(m) + 2*s(m). Calculate b(5).
-11
Let i be 3 + (-2)/(-2 - 0). Let g(l) = -6 - i - 2*l + l. Suppose 0 = -4*b - 5*t - 21, -2*b - 8 = 2*t + 4. Determine g(b).
-1
Let l = 29538 - 29538. Let t(q) be the second derivative of -1/12*q**4 + 36*q + 5*q**2 + l + q**3. What is t(7)?
3
Let b be (0 + 13)/(-78 - -79). Let w(f) = f**2 - 8*f - 69. Give w(b).
-4
Let o(h) be the third derivative of h**4/24 - 10*h**3/3 - h**2 - 45*h + 9. Determine o(12).
-8
Let s(c) = 41*c**2 + 174*c + 3. Let j(i) = 13*i**2 + 56*i + 1. Let u(t) = 19*j(t) - 6*s(t). What is u(-7)?
-90
Let r(i) = i**3 + 23*i**2 + 140*i + 2053. Let k be r(-21). Let d(w) be the first derivative of -w**4/4 - 2*w**3 - 2*w**2 + 2*w - 1. Give d(k).
-3
Let f = 45703 - 45712. Let t(x) = -5*x + 4. Let v be ((-24)/14)/((-4)/14). Let n(h) = 14*h - 11. Let o(y) = v*n(y) + 17*t(y). What is o(f)?
11
Let x = 7875 - 7881. Let k(j) = -2*j**2 - j - 8 + 3*j**2 + 6*j. Calculate k(x).
-2
Let p = -83 + 96. Suppose 126 = p*w + 139. Let x(m) = 10*m - 1. What is x(w)?
-11
Suppose -6*j + 35 = j. Suppose -j*x = -v - 9, -2*x - 1 = -v - 4*v. Let f(m) = 8*m - 9. What is f(x)?
7
Let c(p) be the second derivative of -p**4/12 + p**3 + 13*p**2/2 - 900*p. Give c(8).
-3
Let m(k) = k**2 - 10*k - 3. Let z(v) = -2. Let g(d) = -m(d) + 4*z(d). Suppose -o + r = -11, -3*o - r = -5*r - 34. Determine g(o).
-5
Let t(u) = -2*u. Suppose 2*n = -2*g + 4, 0*g + 4*g = 2*n + 38. Let l be (g/((-70)/8))/(6/45). Let s be 7 + 2/4*l. Calculate t(s).
-8
Let w(y) be the third derivative of -y**6/120 + 7*y**5/60 - 5*y**4/24 - 7*y**3/6 + 24*y**2. Let f(c) = -21 + c + 28 + 19. Let s be f(-20). What is w(s)?
-1
Suppose 0 = -4*l + 22 + 14. Let c be l + -7 - (-6)/4*4. Let m(t) = -c - t - 7 + 17. Calculate m(-6).
8
Let s(a) = a**2 - a - 25. Let m(t) = 12*t + 22. Let l be m(-9). Let v = l - -86. Give s(v).
-25
Let m(q) = -8*q**2 + 33*q + 153. Let r(p) = 11*p**2 - 52*p - 235. Let a(x) = -7*m(x) - 5*r(x). What is a(-4)?
4
Let l(n) = -3*n**3 + 11*n**2 - 7*n + 2. Let r(w) = w**3 - w**2 + w. Let u(m) = l(m) + 2*r(m). Let q(i) = 2*i**2 + 11*i - 43. Let s be q(3). Determine u(s).
26
Let c = 3 + -9. Let h(u) = -61117*u**2 - u**3 + 30521*u**2 - 1 - 9*u + 30588*u**2. What is h(c)?
-19
Suppose 17*b - 98 = -13. Let h(d) = 12 - 7*d + 4*d**2 - d - b*d**2. Determine h(-10).
-8
Let f(b) = -b - 6. Let y(r) = -7*r**2 - 81*r + 6. Let u be y(-11). Let n(a) = a**2 - 47*a - 159. Let j be n(u). Give f(j).
3
Suppose -91*n = -114*n - 31 + 100. Let g(p) be the third derivative of -p**4/8 - 2*p**3/3 + 3*p**2. Determine g(n).
-13
Let g(c) = c**2 - 20*c - 69. Let k(b) = 3*b**2 + 5*b - 3. Let o be k(0). Determine g(o).
0
Suppose 4*y - 1 = -9. Let h(x) = 2*x**2 + 5*x. Let r(f) be the third derivative of f**5/60 + f**4/8 - 7*f**2. Let j(o) = -3*h(o) + 5*r(o). Give j(y).
-4
Let n(v) = -5*v**2 - 12*v - 12. Let l(k) = 2*k**2 + k + 4. Let y(i) = 3*l(i) + n(i). Let x = -3 + 13. Give y(x).
10
Let f(k) = -10 + 10*k - 5*k - 28*k + 14*k + 11*k. Calculate f(8).
6
Let n(h) = 3*h**2 - 6*h + 4. Let q(a) = -7*a**2 + 12*a - 5. Let p(m) = 9*n(m) + 4*q(m). Calculate p(-10).
-24
Let k be 2871/231 - -20 - 3/7. Let s(b) = -3*b**2 + 99*b - 106. Calculate s(k).
-10
Let c(r) = -19*r + 102. Let q(x) = -29*x + 103. Let y(j) = 4*c(j) - 3*q(j). Give y(-9).
0
Let d(u) = -13*u + 39*u - 15*u - 5 - 18*u + u**2. Suppose l + 2 = 8. Give d(l).
-11
Let a = -3710 + 3714. Let g(o) = 2*o**3 - 7*o**2 + 6*o - 6. Calculate g(a).
34
Let i(l) = -l**2 - 5. Let r be i(0). Let p be (-33)/(-11) + (3 - 4). Let v(m) = 15*m**3 + 16*m**3 + 4*m**p - 7 + 17*m**3 - 7*m - 47*m**3. What is v(r)?
3
Let s(u) = 2*u**3 - 18*u**2 + 20*u + 8. Let k(i) = -i**3 + i**2 - i. Let j(w) = -3*k(w) - s(w). Let g be ((-747)/81 - -9) + (-568)/36. What is j(g)?
8
Let r(x) = -7*x + 5. Let y(i) = -i + 3. Let g(u) = -9*u + 26. Let h(w) = 6*g(w) - 51*y(w). Let d(a) = 9*h(a) - 4*r(a). Determine d(-9).
-2
Let p(s) = -70*s - 9. Let v(y) = 38*y + 5. Let h(z) = -6*p(z) - 11*v(z). Let b be 4/((-4)/15) - -1. Let a be (b/35)/(1/(-10)). Give h(a).
7
Let t(m) be the first derivative of 2*m**2 - 38*m - 826. What is t(10)?
2
Suppose 2*r + 4*o - 6114 = 0, 3*o - 2*o - 9186 = -3*r. Let y(q) = 3067*q - 1 - r*q + 3. What is y(3)?
14
Let z(c) = 2*c**3 + 40*c**2 + 164*c - 56. Let h be z(-14). Let f(s) = -s**2 + 2*s + s**3 + 15 - 4*s + 3*s. Calculate f(h).
15
Let y(u) = -u**3 - 53153 - 41*u + 42*u + 53155. Calculate y(-4).
62
Let j(t) = -2*t - 3. Let p(c) = 5*c + 5. Let b be (2/29 - 3072/(-9280))*-10. Let u = 4 + -11. Let h(y) = b*p(y) + u*j(y). What is h(-2)?
13
Let n(s) = -s - 22. Let h be n(-4). Let v be (-9)/(-6) + 27/h. Let g(c) = v - 8 - 178*c + 183*c + c**2. What is g(-7)?
6
Suppose 80*c = 79*c - 2, -5*c - 7 = k. Let u(h) = 2*h**2 - h - 1. Let n be u(2). Let s(w) = w**k - 8*w - 12*w + 22*w - 8*w + n*w**2 + 4. What is s(-6)?
4
Suppose -1068*l + 1103*l = 175. Let x(f) = -f**2 + 7. Give x(l).
-18
Let y(t) = -8*t - 7*t - 1 + 21*t - 6 - 7*t. Calculate y(-14).
7
Let d(h) be the third derivative of 31*h**4/24 + 106*h**3/3 - 9*h**2 - 306*h. Calculate d(-7).
-5
Let h be ((-84)/(-35))/2*(-225)/(-18). Let v(n) = -2*n**2 + 26*n + 54. Give v(h).
-6
Let t = -2380 - -2388. Let q(j) = -2*j**3 + 15*j**2 + 5*j + 10. Determine q(t).
-14
Let x(o) = o**3 - 8*o**2 + 5*o + 10. Let t = 37 + -39. Let r(k) = -14*k + 2. Let b be r(t). Suppose 4*u - b = 2*i, 6*i - 3*i = -3. Give x(u).
-4
Let f(n) = -n - 2. Let o = 831 - 825. What is f(o)?
-8
Let c = -47 - -46. Let i(k) = 7*k + 11. Let t be i(c). Let g be (10/4)/((-2)/t). Let h(o) = o - 1. Determine h(g).
-6
Let w(i) be the third derivative of i**6/120 - i**5/30 - i**4/6 + 5*i**3/6 - 7*i**2. Let s be 0*12/(-204) + 3. Calculate w(s).
2
Suppose 4*u - 552*m - 29 = -553*m, -3*u + 16 = -5*m. Let t(w) = 3*w**2 - 25*w + 17. Give t(u).
-11
Let a(q) = -4*q - 6. Let o(m) be the second derivative of 0 + 1/3*m**4 - 1/10*m**5 - 1/2*m**3 + m**2 - 34*m. Let l be o(2). What is a(l)?
10
Let t(x) = x**2 + 16*x + 45. Suppose 4*g + 3*o = -42 + 2, 2*g - 4*o + 42 = 0. What is t(g)?
6
Let m(a) be the third derivative of -a**5/60 + a**4/12 + 21*a**3/2 + 1122*a**2. Determine m(-7).
0
Suppose 3*i - x + 69 = -6*x, 5*i + 53 = 2*x. Let b(d) = d**3 + 14*d**2 + 19*d + 5. What is b(i)?
-73
Let y(h) = -h**3 + 5*h**2 + 11*h - 53. Suppose 4*b - 11 = -241*m + 238*m, 4*m - 16 = -4*b. Calculate y(m).
2
Suppose 4*a = -9*a. Let u(r) = a*r**2 - 8*r + r + 3*r**2 - 6*r**2 - 4. Let g = -5 - -1. What is u(g)?
-24
Let n(d) = 39*d - 33. Let f(s) = 88*s - 68. Let w(z) = 4*f(z) - 9*n(z). What is w(-5)?
20
Let o = 118 - 286. Let g be (10/(-6))/(56/o). Let u(p) = 2*p**2 + 6*p - 3*p**2 - 3*p + 7. Give u(g).
-3
Let c = 434 - 432. Let g(o) = 11 + c*o 